{"id":111,"date":"2019-12-14T23:26:42","date_gmt":"2019-12-14T22:26:42","guid":{"rendered":"http:\/\/szabo.pl\/?page_id=111"},"modified":"2026-02-15T14:56:59","modified_gmt":"2026-02-15T13:56:59","slug":"szabo-pl-3","status":"publish","type":"page","link":"https:\/\/szabo.pl\/","title":{"rendered":"Szabo.pl"},"content":{"rendered":"\n<div class=\"wp-block-group is-layout-grid wp-container-core-group-is-layout-bc478703 wp-block-group-is-layout-grid\">\n<div class=\"wp-block-columns is-layout-flex wp-container-core-columns-is-layout-9d6595d7 wp-block-columns-is-layout-flex\">\n<div class=\"wp-block-column is-layout-flow wp-block-column-is-layout-flow\" style=\"flex-basis:100%\">\n<figure class=\"wp-block-image size-full\"><img loading=\"lazy\" decoding=\"async\" width=\"600\" height=\"600\" src=\"https:\/\/szabo.pl\/wp-content\/uploads\/2022\/12\/PIT_36-37.png\" alt=\"\" class=\"wp-image-1476\" srcset=\"https:\/\/szabo.pl\/wp-content\/uploads\/2022\/12\/PIT_36-37.png 600w, https:\/\/szabo.pl\/wp-content\/uploads\/2022\/12\/PIT_36-37-300x300.png 300w, https:\/\/szabo.pl\/wp-content\/uploads\/2022\/12\/PIT_36-37-150x150.png 150w, https:\/\/szabo.pl\/wp-content\/uploads\/2022\/12\/PIT_36-37-400x400.png 400w, https:\/\/szabo.pl\/wp-content\/uploads\/2022\/12\/PIT_36-37-100x100.png 100w\" sizes=\"auto, (max-width: 600px) 100vw, 600px\" \/><figcaption class=\"wp-element-caption\"><a href=\"https:\/\/szabo.pl\/index.php\/product\/eves-szemelyi-jovedelemado-bevallas-2025-pit-36-pit-37\/\" data-type=\"product\" data-id=\"1884\">\u00c9ves Szem\u00e9lyi J\u00f6vedelemad\u00f3 bevall\u00e1s 2025 PIT-36\/PIT-37<\/a><\/figcaption><\/figure>\n<\/div>\n<\/div>\n\n\n\n<figure class=\"wp-block-image size-full wp-container-content-d2eb3c98\"><a href=\"https:\/\/szabo.pl\/index.php\/adod-15-szazaleka\/\"><img loading=\"lazy\" decoding=\"async\" width=\"369\" height=\"197\" src=\"https:\/\/szabo.pl\/wp-content\/uploads\/2026\/02\/Logo-1-5.png\" alt=\"\" class=\"wp-image-3102\" srcset=\"https:\/\/szabo.pl\/wp-content\/uploads\/2026\/02\/Logo-1-5.png 369w, https:\/\/szabo.pl\/wp-content\/uploads\/2026\/02\/Logo-1-5-300x160.png 300w\" sizes=\"auto, (max-width: 369px) 100vw, 369px\" \/><\/a><figcaption class=\"wp-element-caption\"><a href=\"https:\/\/szabo.pl\/index.php\/adod-15-szazaleka\/\" data-type=\"page\" data-id=\"205\">Szem\u00e9lyi j\u00f6vedelemad\u00f3d 1,5%-a<\/a><\/figcaption><\/figure>\n\n\n\n<div class=\"wp-block-columns is-layout-flex wp-container-core-columns-is-layout-9d6595d7 wp-block-columns-is-layout-flex\">\n<div class=\"wp-block-column is-layout-flow wp-block-column-is-layout-flow\" style=\"flex-basis:100%\">\n<div class=\"wp-block-buttons is-content-justification-center is-layout-flex wp-container-core-buttons-is-layout-16018d1d wp-block-buttons-is-layout-flex\">\n<div class=\"wp-block-button is-style-outline is-style-outline--1\"><a class=\"wp-block-button__link wp-element-button\" href=\"https:\/\/szabo.pl\/index.php\/elofizetesi-csomagok\/\">EL\u0150FIZET\u00c9SI CSOMAGOK<\/a><\/div>\n<\/div>\n\n\n\n<div class=\"wp-block-buttons alignwide is-content-justification-center is-layout-flex wp-container-core-buttons-is-layout-16018d1d wp-block-buttons-is-layout-flex\">\n<div class=\"wp-block-button is-style-outline is-style-outline--2\"><a class=\"wp-block-button__link has-text-align-center wp-element-button\" href=\"https:\/\/szabo.pl\/index.php\/a-konyveloiroda-altalanos-dijszabasa\/\"><font size=\"1em\">SZOLG\u00c1LTAT\u00c1SAINK \u00c9S \u00c1RAINK<\/font><\/a><\/div>\n<\/div>\n<\/div>\n<\/div>\n\n\n\n<figure class=\"wp-block-gallery has-nested-images columns-default is-cropped wp-block-gallery-3 is-layout-flex wp-block-gallery-is-layout-flex\">\n<figure class=\"wp-block-image size-large\"><a href=\"https:\/\/www.orlyrachunkowosci.pl\/profile-317732-szabo-pl\"><img loading=\"lazy\" decoding=\"async\" width=\"400\" height=\"452\" data-id=\"3103\" src=\"https:\/\/szabo.pl\/wp-content\/uploads\/2026\/02\/logo_gold_pl_400.png\" alt=\"\" class=\"wp-image-3103\" srcset=\"https:\/\/szabo.pl\/wp-content\/uploads\/2026\/02\/logo_gold_pl_400.png 400w, https:\/\/szabo.pl\/wp-content\/uploads\/2026\/02\/logo_gold_pl_400-265x300.png 265w\" sizes=\"auto, (max-width: 400px) 100vw, 400px\" \/><\/a><\/figure>\n<\/figure>\n\n\n\n<figure class=\"wp-block-image size-full\"><a href=\"https:\/\/app.scanye.pl\"><img loading=\"lazy\" decoding=\"async\" width=\"304\" height=\"61\" src=\"https:\/\/szabo.pl\/wp-content\/uploads\/2022\/12\/scanye_logo-1.png\" alt=\"\" class=\"wp-image-1420\" srcset=\"https:\/\/szabo.pl\/wp-content\/uploads\/2022\/12\/scanye_logo-1.png 304w, https:\/\/szabo.pl\/wp-content\/uploads\/2022\/12\/scanye_logo-1-300x61.png 300w\" sizes=\"auto, (max-width: 304px) 100vw, 304px\" \/><\/a><figcaption class=\"wp-element-caption\">Sz\u00e1ml\u00e1zz \u00fcgyfeleidnek, fogadj sz\u00e1ml\u00e1kat besz\u00e1ll\u00edt\u00f3idt\u00f3l, k\u00fcldj dokumentumokat a k\u00f6nyvel\u0151dnek!<\/figcaption><\/figure>\n\n\n\n<figure class=\"wp-block-image size-medium\"><a href=\"https:\/\/app.subiekt123.pl\"><img loading=\"lazy\" decoding=\"async\" width=\"300\" height=\"158\" src=\"https:\/\/szabo.pl\/wp-content\/uploads\/2022\/12\/subiekt123-logo-300x158.webp\" alt=\"A 'Subiekt 123' log\u00f3 t\u00fcrkiz sz\u00ednben, modern bet\u0171t\u00edpussal.\" class=\"wp-image-1401\" srcset=\"https:\/\/szabo.pl\/wp-content\/uploads\/2022\/12\/subiekt123-logo-300x158.webp 300w, https:\/\/szabo.pl\/wp-content\/uploads\/2022\/12\/subiekt123-logo-1024x538.webp 1024w, https:\/\/szabo.pl\/wp-content\/uploads\/2022\/12\/subiekt123-logo-768x403.webp 768w, https:\/\/szabo.pl\/wp-content\/uploads\/2022\/12\/subiekt123-logo-600x315.webp 600w, https:\/\/szabo.pl\/wp-content\/uploads\/2022\/12\/subiekt123-logo.webp 1200w\" sizes=\"auto, (max-width: 300px) 100vw, 300px\" \/><\/a><figcaption class=\"wp-element-caption\">Sz\u00e1ml\u00e1zz \u00dcgyfeleidnek \u00f6sszetett \u00e9s sokoldal\u00fa sz\u00e1ml\u00e1z\u00f3 programunkkal<\/figcaption><\/figure>\n\n\n\n<p><a href=\"https:\/\/www.facebook.com\/profile.php?id=100031545590765\" target=\"_blank\" rel=\"noreferrer noopener\"><img loading=\"lazy\" decoding=\"async\" width=\"64\" height=\"64\" class=\"wp-image-1351\" style=\"width: 64px;\" src=\"https:\/\/szabo.pl\/wp-content\/uploads\/2022\/11\/facebook_cyan64.png\" alt=\"\"><\/a> <a href=\"https:\/\/www.linkedin.com\/company\/szabo-pl\/\" target=\"_blank\" rel=\"noreferrer noopener\"><img loading=\"lazy\" decoding=\"async\" width=\"75\" height=\"64\" class=\"wp-image-1352\" style=\"width: 75px;\" src=\"https:\/\/szabo.pl\/wp-content\/uploads\/2022\/11\/Linkedin_cyan64.png\" alt=\"\"><\/a><br>K\u00f6vesd a k\u00f6z\u00f6ss\u00e9gi oldalainkat!<\/p>\n\n\n\n<div class=\"wp-block-buttons wp-container-content-d2eb3c98 is-content-justification-center is-layout-flex wp-container-core-buttons-is-layout-16018d1d wp-block-buttons-is-layout-flex\">\n<div class=\"wp-block-button is-style-outline is-style-outline--4\"><a class=\"wp-block-button__link has-text-align-center wp-element-button\" href=\"https:\/\/szabo.pl\/index.php\/blog\/\">AKTU\u00c1LIS INFORM\u00c1CI\u00d3K<\/a><\/div>\n\n\n\n<div class=\"wp-block-button is-style-outline is-style-outline--5\"><a class=\"wp-block-button__link wp-element-button\">&#8222;Van egy gyors k\u00e9rd\u00e9sem&#8221;<\/a><\/div>\n<\/div>\n\n\n\n<figure class=\"wp-block-image size-full\"><a href=\"https:\/\/ap.ksef.mf.gov.pl\/\"><img loading=\"lazy\" decoding=\"async\" width=\"350\" height=\"67\" src=\"https:\/\/szabo.pl\/wp-content\/uploads\/2026\/02\/image.png\" alt=\"\" class=\"wp-image-3059\" srcset=\"https:\/\/szabo.pl\/wp-content\/uploads\/2026\/02\/image.png 350w, https:\/\/szabo.pl\/wp-content\/uploads\/2026\/02\/image-300x57.png 300w\" sizes=\"auto, (max-width: 350px) 100vw, 350px\" \/><\/a><figcaption class=\"wp-element-caption\">Ad\u00f3fizet\u0151i alkalmaz\u00e1s<\/figcaption><\/figure>\n\n\n\n<figure class=\"wp-block-image size-medium\"><img loading=\"lazy\" decoding=\"async\" width=\"300\" height=\"140\" src=\"https:\/\/szabo.pl\/wp-content\/uploads\/2026\/02\/image-1-300x140.png\" alt=\"\" class=\"wp-image-3060\" srcset=\"https:\/\/szabo.pl\/wp-content\/uploads\/2026\/02\/image-1-300x140.png 300w, https:\/\/szabo.pl\/wp-content\/uploads\/2026\/02\/image-1.png 509w\" sizes=\"auto, (max-width: 300px) 100vw, 300px\" \/><figcaption class=\"wp-element-caption\">Help Center &#8211; Gyakorlati \u00fatmutat\u00f3k \u00dcgyfeleinknek<\/figcaption><\/figure>\n<\/div>\n\n\n\n<div class=\"wp-block-group is-layout-grid wp-container-core-group-is-layout-bc478703 wp-block-group-is-layout-grid\">\n<div class=\"wp-block-buttons is-layout-flex wp-block-buttons-is-layout-flex\">\n<div class=\"wp-block-button is-style-outline is-style-outline--6\"><a class=\"wp-block-button__link wp-element-button\" href=\"https:\/\/szabo.pl\/index.php\/solo-elofizetesi-csomagok\/\">Egy\u00e9ni v\u00e1llalkoz\u00f3knak<\/a><\/div>\n<\/div>\n\n\n\n<div class=\"wp-block-buttons is-content-justification-center is-layout-flex wp-container-core-buttons-is-layout-16018d1d wp-block-buttons-is-layout-flex\">\n<div class=\"wp-block-button is-style-outline is-style-outline--7\"><a class=\"wp-block-button__link wp-element-button\" href=\"https:\/\/szabo.pl\/index.php\/corpo-elofizetesi-csomagok\/\">T\u00e1rsas v\u00e1llalkoz\u00e1soknak<\/a><\/div>\n<\/div>\n\n\n\n<div class=\"wp-block-buttons is-content-justification-center is-layout-flex wp-container-core-buttons-is-layout-16018d1d wp-block-buttons-is-layout-flex\">\n<div class=\"wp-block-button is-style-outline is-style-outline--8\"><a class=\"wp-block-button__link has-text-align-center wp-element-button\">Munkaad\u00f3knak<\/a><\/div>\n<\/div>\n\n\n\n<div class=\"wp-block-buttons is-content-justification-center is-layout-flex wp-container-core-buttons-is-layout-16018d1d wp-block-buttons-is-layout-flex\">\n<div class=\"wp-block-button is-style-outline is-style-outline--9\"><a class=\"wp-block-button__link wp-element-button\" href=\"https:\/\/szabo.pl\/index.php\/kiegeszito-csomagok\/\">Kieg\u00e9sz\u00edt\u0151 adminisztrat\u00edv szolg\u00e1ltat\u00e1sok<\/a><\/div>\n<\/div>\n<\/div>\n\n\n\n<h2 class=\"wp-block-heading has-text-align-center\">Legfrissebb cikkek<\/h2>\n\n\n<ul class=\"wp-block-latest-posts__list has-dates alignleft wp-block-latest-posts\"><li><a class=\"wp-block-latest-posts__post-title\" href=\"https:\/\/szabo.pl\/index.php\/2026\/01\/23\/vallalkozokent-mennyit-fizetek-a-zus-nak-2026-ban\/\">V\u00e1llalkoz\u00f3k\u00e9nt mennyit fizetek a ZUS-nak 2026-ban?<\/a><time datetime=\"2026-01-23T09:17:42+01:00\" class=\"wp-block-latest-posts__post-date\">23 janu\u00e1r 2026<\/time><div class=\"wp-block-latest-posts__post-excerpt\">T\u00e1rsadalombiztos\u00edt\u00e1si j\u00e1rul\u00e9kok A j\u00e1rul\u00e9k m\u00e9rt\u00e9ke A j\u00e1rul\u00e9kok sz\u00e1zal\u00e9kos megoszl\u00e1sa 2026-ban sem v\u00e1ltozik. Az egyes j\u00e1rul\u00e9kok<div class=\"continue-reading-blog\"><a href=\"https:\/\/szabo.pl\/index.php\/2026\/01\/23\/vallalkozokent-mennyit-fizetek-a-zus-nak-2026-ban\/\" class=\"more-link\">Continue Reading<i class=\"fa fa-long-arrow-right\"><\/i><span class=\"screen-reader-text\">V\u00e1llalkoz\u00f3k\u00e9nt mennyit fizetek a ZUS-nak 2026-ban?<\/span><\/a><\/div><\/div><\/li>\n<li><a class=\"wp-block-latest-posts__post-title\" href=\"https:\/\/szabo.pl\/index.php\/2025\/12\/22\/csereld-ki-a-sasos-papirt-2026-augusztus-elott\/\">Cser\u00e9ld ki a &#8222;sasos pap\u00edrt&#8221; 2026 augusztus el\u0151tt!<\/a><time datetime=\"2025-12-22T18:23:02+01:00\" class=\"wp-block-latest-posts__post-date\">22 december 2025<\/time><div class=\"wp-block-latest-posts__post-excerpt\">Mi az a &#8222;sasos pap\u00edr&#8221;? Za\u015bwiadczenia o zarejestrowaniu pobytu obywatela UE, ahogy a megnevez\u00e9se mondja,<div class=\"continue-reading-blog\"><a href=\"https:\/\/szabo.pl\/index.php\/2025\/12\/22\/csereld-ki-a-sasos-papirt-2026-augusztus-elott\/\" class=\"more-link\">Continue Reading<i class=\"fa fa-long-arrow-right\"><\/i><span class=\"screen-reader-text\">Cser\u00e9ld ki a &#8222;sasos pap\u00edrt&#8221; 2026 augusztus el\u0151tt!<\/span><\/a><\/div><\/div><\/li>\n<li><a class=\"wp-block-latest-posts__post-title\" href=\"https:\/\/szabo.pl\/index.php\/2025\/11\/20\/e-dor-kiegeszito-csomag\/\">e-DOR + kieg\u00e9sz\u00edt\u0151 csomag<\/a><time datetime=\"2025-11-20T13:16:48+01:00\" class=\"wp-block-latest-posts__post-date\">20 november 2025<\/time><div class=\"wp-block-latest-posts__post-excerpt\">Az e-dor\u0119czenia (e-k\u00e9zbes\u00edt\u00e9si) fi\u00f3k meghatalmazott \u00e1ltali kezel\u00e9s\u00e9re Havonta 40 z\u0142 \u00e1ron El\u00e9rhet\u0151 az al\u00e1bbi el\u0151fizet\u00e9si<div class=\"continue-reading-blog\"><a href=\"https:\/\/szabo.pl\/index.php\/2025\/11\/20\/e-dor-kiegeszito-csomag\/\" class=\"more-link\">Continue Reading<i class=\"fa fa-long-arrow-right\"><\/i><span class=\"screen-reader-text\">e-DOR + kieg\u00e9sz\u00edt\u0151 csomag<\/span><\/a><\/div><\/div><\/li>\n<\/ul>\n\n\n<p><\/p>\n\n\n\n<p><\/p>\n\n\n\n<div class=\"wp-block-columns is-layout-flex wp-container-core-columns-is-layout-9d6595d7 wp-block-columns-is-layout-flex\">\n<div class=\"wp-block-column is-layout-flow wp-block-column-is-layout-flow\"><\/div>\n<\/div>\n\n\n\n<p><\/p>\n","protected":false},"excerpt":{"rendered":"<p>[smartslider3 slider=\"12\"]<br \/><a rel=\"noreferrer noopener\" href=\"https:\/\/www.facebook.com\/profile.php?id=100031545590765\" target=\"_blank\"><\/a> <a rel=\"noreferrer noopener\" href=\"https:\/\/www.linkedin.com\/company\/szabo-pl\/\" target=\"_blank\"><\/a><br \/>Follow us on social media!<br \/>Dla Klienta<br \/><a rel=\"noreferrer noopener\" href=\"https:\/\/app.scanye.pl\/\" target=\"_blank\"><br \/>Chc\u0119 wys\u0142a\u0107 dokumenty do biura<\/a><br \/><a rel=\"noreferrer noopener\" href=\"https:\/\/app.subiekt123.pl\/\" target=\"_blank\"><br \/>Chc\u0119 wystawi\u0107 faktur\u0119 dla kontrahenta<\/a><\/p>\n<p>Ostatnio opublikowane artyku\u0142y<br \/><a href=\"https:\/\/szabo.pl\/index.php\/pl\/zapytaj-o-wycene\/\">Zapytaj o ofert\u0119 dla twojej firmy!<\/a><br \/><a href=\"https:\/\/szabo.pl\/index.php\/pl\/zapytaj-o-wycene\/\"><\/a><\/p>\n<p><\/p>\n","protected":false},"author":1,"featured_media":0,"parent":0,"menu_order":0,"comment_status":"closed","ping_status":"closed","template":"","meta":{"footnotes":""},"class_list":["post-111","page","type-page","status-publish","hentry"],"jetpack_sharing_enabled":true,"_links":{"self":[{"href":"https:\/\/szabo.pl\/index.php\/wp-json\/wp\/v2\/pages\/111","targetHints":{"allow":["GET"]}}],"collection":[{"href":"https:\/\/szabo.pl\/index.php\/wp-json\/wp\/v2\/pages"}],"about":[{"href":"https:\/\/szabo.pl\/index.php\/wp-json\/wp\/v2\/types\/page"}],"author":[{"embeddable":true,"href":"https:\/\/szabo.pl\/index.php\/wp-json\/wp\/v2\/users\/1"}],"replies":[{"embeddable":true,"href":"https:\/\/szabo.pl\/index.php\/wp-json\/wp\/v2\/comments?post=111"}],"version-history":[{"count":13,"href":"https:\/\/szabo.pl\/index.php\/wp-json\/wp\/v2\/pages\/111\/revisions"}],"predecessor-version":[{"id":3113,"href":"https:\/\/szabo.pl\/index.php\/wp-json\/wp\/v2\/pages\/111\/revisions\/3113"}],"wp:attachment":[{"href":"https:\/\/szabo.pl\/index.php\/wp-json\/wp\/v2\/media?parent=111"}],"curies":[{"name":"wp","href":"https:\/\/api.w.org\/{rel}","templated":true}]}}