{"id":116,"date":"2019-12-14T23:21:57","date_gmt":"2019-12-14T22:21:57","guid":{"rendered":"http:\/\/szabo.pl\/?page_id=116"},"modified":"2026-02-15T14:58:03","modified_gmt":"2026-02-15T13:58:03","slug":"szabo-pl","status":"publish","type":"page","link":"https:\/\/szabo.pl\/index.php\/pl\/szabo-pl\/","title":{"rendered":"Szabo.pl"},"content":{"rendered":"\n<div class=\"wp-block-group is-layout-grid wp-container-core-group-is-layout-bc478703 wp-block-group-is-layout-grid\">\n<div class=\"wp-block-columns is-layout-flex wp-container-core-columns-is-layout-9d6595d7 wp-block-columns-is-layout-flex\">\n<div class=\"wp-block-column is-layout-flow wp-block-column-is-layout-flow\" style=\"flex-basis:100%\">\n<figure class=\"wp-block-image size-full\"><img loading=\"lazy\" decoding=\"async\" width=\"600\" height=\"600\" src=\"https:\/\/szabo.pl\/wp-content\/uploads\/2022\/12\/PIT_36-37.png\" alt=\"\" class=\"wp-image-1476\" srcset=\"https:\/\/szabo.pl\/wp-content\/uploads\/2022\/12\/PIT_36-37.png 600w, https:\/\/szabo.pl\/wp-content\/uploads\/2022\/12\/PIT_36-37-300x300.png 300w, https:\/\/szabo.pl\/wp-content\/uploads\/2022\/12\/PIT_36-37-150x150.png 150w, https:\/\/szabo.pl\/wp-content\/uploads\/2022\/12\/PIT_36-37-400x400.png 400w, https:\/\/szabo.pl\/wp-content\/uploads\/2022\/12\/PIT_36-37-100x100.png 100w\" sizes=\"auto, (max-width: 600px) 100vw, 600px\" \/><figcaption class=\"wp-element-caption\"><a href=\"https:\/\/szabo.pl\/index.php\/pl\/product\/roczny-pit-36-pit-37-za-2025\/\" data-type=\"product\" data-id=\"1891\">Roczna deklaracja <\/a><a href=\"https:\/\/szabo.pl\/index.php\/pl\/product\/roczny-pit-36-pit-37-za-2025\/\" data-type=\"product\" data-id=\"1891\">PIT-36\/PIT-37<\/a> za rok 2025 <\/figcaption><\/figure>\n<\/div>\n<\/div>\n\n\n\n<figure class=\"wp-block-image size-full\"><a href=\"https:\/\/szabo.pl\/index.php\/pl\/15-procent-pit\/\"><img loading=\"lazy\" decoding=\"async\" width=\"369\" height=\"197\" src=\"https:\/\/szabo.pl\/wp-content\/uploads\/2026\/02\/Logo-1-5.png\" alt=\"\" class=\"wp-image-3102\" srcset=\"https:\/\/szabo.pl\/wp-content\/uploads\/2026\/02\/Logo-1-5.png 369w, https:\/\/szabo.pl\/wp-content\/uploads\/2026\/02\/Logo-1-5-300x160.png 300w\" sizes=\"auto, (max-width: 369px) 100vw, 369px\" \/><\/a><figcaption class=\"wp-element-caption\"><a href=\"https:\/\/szabo.pl\/index.php\/pl\/15-procent-pit\/\" data-type=\"link\" data-id=\"https:\/\/szabo.pl\/index.php\/pl\/15-procent-pit\/\">1,5% twojeco podatku dochodowego<\/a><\/figcaption><\/figure>\n\n\n\n<div class=\"wp-block-columns is-layout-flex wp-container-core-columns-is-layout-9d6595d7 wp-block-columns-is-layout-flex\">\n<div class=\"wp-block-column is-layout-flow wp-block-column-is-layout-flow\" style=\"flex-basis:100%\">\n<div class=\"wp-block-buttons is-layout-flex wp-block-buttons-is-layout-flex\">\n<div class=\"wp-block-button is-style-outline is-style-outline--1\"><a class=\"wp-block-button__link wp-element-button\" href=\"https:\/\/szabo.pl\/index.php\/pl\/pakiety-abonamentowe\/\">PAKIETY ABONAMENTOWE<\/a><\/div>\n<\/div>\n\n\n\n<div class=\"wp-block-buttons alignwide is-content-justification-center is-layout-flex wp-container-core-buttons-is-layout-16018d1d wp-block-buttons-is-layout-flex\">\n<div class=\"wp-block-button is-style-outline is-style-outline--2\"><a class=\"wp-block-button__link has-text-align-center wp-element-button\" href=\"https:\/\/szabo.pl\/index.php\/pl\/cennik-ogolny-biura-rachunkowego\/\">US\u0141UGI I CENY<\/a><\/div>\n<\/div>\n<\/div>\n<\/div>\n\n\n\n<figure class=\"wp-block-image size-full\"><a href=\"https:\/\/www.orlyrachunkowosci.pl\/profile-317732-szabo-pl\"><img loading=\"lazy\" decoding=\"async\" width=\"400\" height=\"452\" src=\"https:\/\/szabo.pl\/wp-content\/uploads\/2026\/02\/logo_gold_pl_400.png\" alt=\"\" class=\"wp-image-3103\" srcset=\"https:\/\/szabo.pl\/wp-content\/uploads\/2026\/02\/logo_gold_pl_400.png 400w, https:\/\/szabo.pl\/wp-content\/uploads\/2026\/02\/logo_gold_pl_400-265x300.png 265w\" sizes=\"auto, (max-width: 400px) 100vw, 400px\" \/><\/a><\/figure>\n\n\n\n<figure class=\"wp-block-image size-full\"><a href=\"https:\/\/app.scanye.pl\"><img loading=\"lazy\" decoding=\"async\" width=\"304\" height=\"61\" src=\"https:\/\/szabo.pl\/wp-content\/uploads\/2022\/12\/scanye_logo-1.png\" alt=\"\" class=\"wp-image-1420\" srcset=\"https:\/\/szabo.pl\/wp-content\/uploads\/2022\/12\/scanye_logo-1.png 304w, https:\/\/szabo.pl\/wp-content\/uploads\/2022\/12\/scanye_logo-1-300x61.png 300w\" sizes=\"auto, (max-width: 304px) 100vw, 304px\" \/><\/a><figcaption class=\"wp-element-caption\">Wystaw faktury Klientom, przyjmuj faktury dostawc\u00f3w, wysy\u0142aj dokumenty do biura rachunkowego!<\/figcaption><\/figure>\n\n\n\n<figure class=\"wp-block-image size-medium\"><a href=\"https:\/\/app.subiekt123.pl\"><img loading=\"lazy\" decoding=\"async\" width=\"300\" height=\"158\" src=\"https:\/\/szabo.pl\/wp-content\/uploads\/2022\/12\/subiekt123-logo-300x158.webp\" alt=\"A 'Subiekt 123' log\u00f3 t\u00fcrkiz sz\u00ednben, modern bet\u0171t\u00edpussal.\" class=\"wp-image-1401\" srcset=\"https:\/\/szabo.pl\/wp-content\/uploads\/2022\/12\/subiekt123-logo-300x158.webp 300w, https:\/\/szabo.pl\/wp-content\/uploads\/2022\/12\/subiekt123-logo-1024x538.webp 1024w, https:\/\/szabo.pl\/wp-content\/uploads\/2022\/12\/subiekt123-logo-768x403.webp 768w, https:\/\/szabo.pl\/wp-content\/uploads\/2022\/12\/subiekt123-logo-600x315.webp 600w, https:\/\/szabo.pl\/wp-content\/uploads\/2022\/12\/subiekt123-logo.webp 1200w\" sizes=\"auto, (max-width: 300px) 100vw, 300px\" \/><\/a><figcaption class=\"wp-element-caption\">Wystawiaj faktury za pomoc\u0105 zaawansowanego oprogramowania on-line!<\/figcaption><\/figure>\n\n\n\n<p><a href=\"https:\/\/www.facebook.com\/profile.php?id=100031545590765\" target=\"_blank\" rel=\"noreferrer noopener\"><img loading=\"lazy\" decoding=\"async\" width=\"64\" height=\"64\" class=\"wp-image-1351\" style=\"width: 64px;\" src=\"https:\/\/szabo.pl\/wp-content\/uploads\/2022\/11\/facebook_cyan64.png\" alt=\"\"><\/a> <a href=\"https:\/\/www.linkedin.com\/company\/szabo-pl\/\" target=\"_blank\" rel=\"noreferrer noopener\"><img loading=\"lazy\" decoding=\"async\" width=\"75\" height=\"64\" class=\"wp-image-1352\" style=\"width: 75px;\" src=\"https:\/\/szabo.pl\/wp-content\/uploads\/2022\/11\/Linkedin_cyan64.png\" alt=\"\"><\/a><br>\u015aled\u017a nasze strony w mediach spo\u0142eczno\u015bciowych!<\/p>\n\n\n\n<div class=\"wp-block-buttons wp-container-content-d2eb3c98 is-content-justification-center is-layout-flex wp-container-core-buttons-is-layout-16018d1d wp-block-buttons-is-layout-flex\">\n<div class=\"wp-block-button is-style-outline is-style-outline--3\"><a class=\"wp-block-button__link has-text-align-center wp-element-button\" href=\"https:\/\/szabo.pl\/index.php\/pl\/aktualnosci\/\">AKTUALNO\u015aCI I INFORMACJE<\/a><\/div>\n\n\n\n<div class=\"wp-block-button is-style-outline is-style-outline--4\"><a class=\"wp-block-button__link wp-element-button\">&#8222;Mam szybkie pytanie&#8221;<\/a><\/div>\n<\/div>\n\n\n\n<figure class=\"wp-block-image size-full\"><a href=\"https:\/\/ap.ksef.mf.gov.pl\/\"><img loading=\"lazy\" decoding=\"async\" width=\"350\" height=\"67\" src=\"https:\/\/szabo.pl\/wp-content\/uploads\/2026\/02\/image.png\" alt=\"\" class=\"wp-image-3059\" srcset=\"https:\/\/szabo.pl\/wp-content\/uploads\/2026\/02\/image.png 350w, https:\/\/szabo.pl\/wp-content\/uploads\/2026\/02\/image-300x57.png 300w\" sizes=\"auto, (max-width: 350px) 100vw, 350px\" \/><\/a><figcaption class=\"wp-element-caption\"><a href=\"http:\/\/ap.ksef.mf.gov.pl\" data-type=\"link\" data-id=\"ap.ksef.mf.gov.pl\">Aplikacja P\u0142atnika<\/a><\/figcaption><\/figure>\n\n\n\n<figure class=\"wp-block-image size-medium\"><a href=\"https:\/\/service.szabo.pl\/portal\/pl\/kb\/szabo-pl-gerg%C3%B6-szab%C3%B3\/pl-polecone-artyku%C5%82y\"><img loading=\"lazy\" decoding=\"async\" width=\"300\" height=\"140\" src=\"https:\/\/szabo.pl\/wp-content\/uploads\/2026\/02\/image-1-300x140.png\" alt=\"\" class=\"wp-image-3060\" srcset=\"https:\/\/szabo.pl\/wp-content\/uploads\/2026\/02\/image-1-300x140.png 300w, https:\/\/szabo.pl\/wp-content\/uploads\/2026\/02\/image-1.png 509w\" sizes=\"auto, (max-width: 300px) 100vw, 300px\" \/><\/a><figcaption class=\"wp-element-caption\"><a href=\"https:\/\/service.szabo.pl\/portal\/pl\/kb\/szabo-pl-gerg%C3%B6-szab%C3%B3\/pl-polecone-artyku%C5%82y\">Help Center &#8211; Praktyczne wskaz\u00f3wki dla Klient\u00f3w<\/a><\/figcaption><\/figure>\n<\/div>\n\n\n\n<p><\/p>\n\n\n\n<div class=\"wp-block-group is-layout-grid wp-container-core-group-is-layout-bc478703 wp-block-group-is-layout-grid\">\n<div class=\"wp-block-buttons is-layout-flex wp-block-buttons-is-layout-flex\">\n<div class=\"wp-block-button is-style-outline is-style-outline--5\"><a class=\"wp-block-button__link wp-element-button\" href=\"https:\/\/szabo.pl\/index.php\/pl\/pakiety-abonamentowe-solo\/\">Dla jednoosobowej dzia\u0142alno\u015bci<\/a><\/div>\n<\/div>\n\n\n\n<div class=\"wp-block-buttons is-content-justification-center is-layout-flex wp-container-core-buttons-is-layout-16018d1d wp-block-buttons-is-layout-flex\">\n<div class=\"wp-block-button is-style-outline is-style-outline--6\"><a class=\"wp-block-button__link wp-element-button\" href=\"https:\/\/szabo.pl\/index.php\/pl\/pakiety-abonamentowe-corpo\/\">Dla Sp\u00f3\u0142ek<\/a><\/div>\n<\/div>\n\n\n\n<div class=\"wp-block-buttons is-content-justification-center is-layout-flex wp-container-core-buttons-is-layout-16018d1d wp-block-buttons-is-layout-flex\">\n<div class=\"wp-block-button is-style-outline is-style-outline--7\"><a class=\"wp-block-button__link has-text-align-center wp-element-button\" href=\"https:\/\/szabo.pl\/index.php\/pl\/pakiety-compenso\/\">Dla pracodawc\u00f3w<\/a><\/div>\n<\/div>\n\n\n\n<div class=\"wp-block-buttons is-content-justification-center is-layout-flex wp-container-core-buttons-is-layout-16018d1d wp-block-buttons-is-layout-flex\">\n<div class=\"wp-block-button is-style-outline is-style-outline--8\"><a class=\"wp-block-button__link wp-element-button\" href=\"https:\/\/szabo.pl\/index.php\/pl\/pakiety-dodatkowe\/\">Dodatkowe us\u0142ugi administracyjne<\/a><\/div>\n<\/div>\n<\/div>\n\n\n\n<h2 class=\"wp-block-heading has-text-align-center\">Ostatnio opublikowane artyku\u0142y<\/h2>\n\n\n<ul class=\"wp-block-latest-posts__list has-dates alignleft wp-block-latest-posts\"><li><a class=\"wp-block-latest-posts__post-title\" href=\"https:\/\/szabo.pl\/index.php\/pl\/2025\/11\/20\/e-dor\/\">Pakiet e-DOR +<\/a><time datetime=\"2025-11-20T13:17:46+01:00\" class=\"wp-block-latest-posts__post-date\">20 november 2025<\/time><div class=\"wp-block-latest-posts__post-excerpt\">Obs\u0142uga skrzynki e-dor\u0119czenia przez pe\u0142nomocnika za 40 z\u0142 miesi\u0119cznie Dost\u0119pny do pakiet\u00f3w<\/div><\/li>\n<li><a class=\"wp-block-latest-posts__post-title\" href=\"https:\/\/szabo.pl\/index.php\/pl\/2025\/11\/20\/pakiet-ppo\/\">Pakiet PPO +<\/a><time datetime=\"2025-11-20T13:17:46+01:00\" class=\"wp-block-latest-posts__post-date\">20 november 2025<\/time><div class=\"wp-block-latest-posts__post-excerpt\">Us\u0142uga pe\u0142nomocnika og\u00f3lnego do spraw podatkowych Cena: 100,- z\u0142\/miesi\u0105c Dost\u0119pna do pakiet\u00f3w CORPO i SOLO.<\/div><\/li>\n<li><a class=\"wp-block-latest-posts__post-title\" href=\"https:\/\/szabo.pl\/index.php\/pl\/2025\/10\/30\/vat-9m\/\">VAT-9M<\/a><time datetime=\"2025-10-30T11:43:39+01:00\" class=\"wp-block-latest-posts__post-date\">30 okt\u00f3ber 2025<\/time><div class=\"wp-block-latest-posts__post-excerpt\">VAT-9M to formularz wykorzystywany przez podatnik\u00f3w VAT, kt\u00f3rzy sk\u0142adaj\u0105 rozliczenia w trybie miesi\u0119cznym. S\u0142u\u017cy do<div class=\"continue-reading-blog\"><a href=\"https:\/\/szabo.pl\/index.php\/pl\/2025\/10\/30\/vat-9m\/\" class=\"more-link\">Continue Reading<i class=\"fa fa-long-arrow-right\"><\/i><span class=\"screen-reader-text\">VAT-9M<\/span><\/a><\/div><\/div><\/li>\n<\/ul>\n\n\n<p><\/p>\n\n\n\n<p><\/p>\n","protected":false},"excerpt":{"rendered":"<p>\u015aled\u017a nasze strony w mediach spo\u0142eczno\u015bciowych! Ostatnio opublikowane artyku\u0142y<\/p>\n","protected":false},"author":1,"featured_media":0,"parent":0,"menu_order":0,"comment_status":"closed","ping_status":"closed","template":"","meta":{"footnotes":""},"class_list":["post-116","page","type-page","status-publish","hentry"],"jetpack_sharing_enabled":true,"_links":{"self":[{"href":"https:\/\/szabo.pl\/index.php\/wp-json\/wp\/v2\/pages\/116","targetHints":{"allow":["GET"]}}],"collection":[{"href":"https:\/\/szabo.pl\/index.php\/wp-json\/wp\/v2\/pages"}],"about":[{"href":"https:\/\/szabo.pl\/index.php\/wp-json\/wp\/v2\/types\/page"}],"author":[{"embeddable":true,"href":"https:\/\/szabo.pl\/index.php\/wp-json\/wp\/v2\/users\/1"}],"replies":[{"embeddable":true,"href":"https:\/\/szabo.pl\/index.php\/wp-json\/wp\/v2\/comments?post=116"}],"version-history":[{"count":10,"href":"https:\/\/szabo.pl\/index.php\/wp-json\/wp\/v2\/pages\/116\/revisions"}],"predecessor-version":[{"id":3111,"href":"https:\/\/szabo.pl\/index.php\/wp-json\/wp\/v2\/pages\/116\/revisions\/3111"}],"wp:attachment":[{"href":"https:\/\/szabo.pl\/index.php\/wp-json\/wp\/v2\/media?parent=116"}],"curies":[{"name":"wp","href":"https:\/\/api.w.org\/{rel}","templated":true}]}}