{"id":2904,"date":"2025-11-20T13:38:23","date_gmt":"2025-11-20T12:38:23","guid":{"rendered":"https:\/\/szabo.pl\/?page_id=2904"},"modified":"2025-11-20T15:48:04","modified_gmt":"2025-11-20T14:48:04","slug":"kiegeszito-csomagok","status":"publish","type":"page","link":"https:\/\/szabo.pl\/index.php\/kiegeszito-csomagok\/","title":{"rendered":"Kieg\u00e9sz\u00edt\u0151 csomagok"},"content":{"rendered":"\n<h2 class=\"wp-block-heading\"><a href=\"https:\/\/szabo.pl\/index.php\/ceidg-kiegeszito-csomag\/\" data-type=\"page\" data-id=\"2833\">CEIDG +<\/a><\/h2>\n\n\n\n<p>El\u00e9rhet\u0151 a SOLO el\u0151fizet\u00e9sekhez<\/p>\n\n\n\n<p>Ez mag\u00e1ban foglalja a CEIDG meghatalmazottj\u00e1nak szolg\u00e1ltat\u00e1sait a k\u00f6vetkez\u0151 tev\u00e9kenys\u00e9gekhez:<\/p>\n\n\n\n<ul class=\"wp-block-list\">\n<li>a bejegyz\u00e9s v\u00e1ltoztat\u00e1s\u00e1ra<\/li>\n\n\n\n<li>a tev\u00e9kenys\u00e9g felf\u00fcggeszt\u00e9s\u00e9re<\/li>\n\n\n\n<li>a tev\u00e9kenys\u00e9g meg\u00faj\u00edt\u00e1s\u00e1ra<\/li>\n\n\n\n<li>a tev\u00e9kenys\u00e9g megsz\u00fcntet\u00e9s\u00e9re<\/li>\n\n\n\n<li>kapcsolati ponton kereszt\u00fcli \u00fcgyint\u00e9z\u00e9sre<\/li>\n<\/ul>\n\n\n\n<h2 class=\"wp-block-heading\"><a href=\"https:\/\/szabo.pl\/index.php\/2025\/11\/20\/e-dor-kiegeszito-csomag\/\" data-type=\"post\" data-id=\"2846\">e-DOR +<\/a><\/h2>\n\n\n\n<p>Az e-dor\u0119czenia (e-k\u00e9zbes\u00edt\u00e9si) fi\u00f3k meghatalmazott \u00e1ltali kezel\u00e9s\u00e9re<\/p>\n\n\n\n<p>El\u00e9rhet\u0151 a SOLO \u00e9s CORPO el\u0151fizet\u00e9sekhez<\/p>\n\n\n\n<h2 class=\"wp-block-heading\"><a href=\"https:\/\/szabo.pl\/index.php\/e-us-kiegeszito-csomag\/\" data-type=\"page\" data-id=\"2862\">e-US +<\/a><\/h2>\n\n\n\n<p>Meghatalmaz\u00e1s a v\u00e1llalkoz\u00f3 profilj\u00e1nak kezel\u00e9s\u00e9re az e-Urz\u0119dzie Skarbowy (e-Ad\u00f3hivatal) platformon.<\/p>\n\n\n\n<p>El\u00e9rhet\u0151 a SOLO \u00e9s CORPO el\u0151fizet\u00e9sekhez<\/p>\n\n\n\n<h2 class=\"wp-block-heading\"><a href=\"https:\/\/szabo.pl\/index.php\/2025\/11\/20\/ppo-kiegeszito-csomag\/\" data-type=\"post\" data-id=\"2865\">PPO +<\/a><\/h2>\n\n\n\n<p>\u00c1ltal\u00e1nos ad\u00f3\u00fcgyi k\u00e9pviseleti szolg\u00e1ltat\u00e1s<\/p>\n\n\n\n<p><\/p>\n","protected":false},"excerpt":{"rendered":"<p>CEIDG + El\u00e9rhet\u0151 a SOLO el\u0151fizet\u00e9sekhez Ez mag\u00e1ban foglalja a CEIDG meghatalmazottj\u00e1nak szolg\u00e1ltat\u00e1sait a k\u00f6vetkez\u0151<\/p>\n<div class=\"continue-reading-blog\"><a href=\"https:\/\/szabo.pl\/index.php\/kiegeszito-csomagok\/\" class=\"more-link\">Continue Reading<i class=\"fa fa-long-arrow-right\"><\/i><span class=\"screen-reader-text\">Kieg\u00e9sz\u00edt\u0151 csomagok<\/span><\/a><\/div>\n","protected":false},"author":1,"featured_media":0,"parent":0,"menu_order":0,"comment_status":"closed","ping_status":"closed","template":"","meta":{"footnotes":""},"class_list":["post-2904","page","type-page","status-publish","hentry"],"jetpack_sharing_enabled":true,"_links":{"self":[{"href":"https:\/\/szabo.pl\/index.php\/wp-json\/wp\/v2\/pages\/2904","targetHints":{"allow":["GET"]}}],"collection":[{"href":"https:\/\/szabo.pl\/index.php\/wp-json\/wp\/v2\/pages"}],"about":[{"href":"https:\/\/szabo.pl\/index.php\/wp-json\/wp\/v2\/types\/page"}],"author":[{"embeddable":true,"href":"https:\/\/szabo.pl\/index.php\/wp-json\/wp\/v2\/users\/1"}],"replies":[{"embeddable":true,"href":"https:\/\/szabo.pl\/index.php\/wp-json\/wp\/v2\/comments?post=2904"}],"version-history":[{"count":2,"href":"https:\/\/szabo.pl\/index.php\/wp-json\/wp\/v2\/pages\/2904\/revisions"}],"predecessor-version":[{"id":2952,"href":"https:\/\/szabo.pl\/index.php\/wp-json\/wp\/v2\/pages\/2904\/revisions\/2952"}],"wp:attachment":[{"href":"https:\/\/szabo.pl\/index.php\/wp-json\/wp\/v2\/media?parent=2904"}],"curies":[{"name":"wp","href":"https:\/\/api.w.org\/{rel}","templated":true}]}}