{"id":496,"date":"2021-08-22T22:19:49","date_gmt":"2021-08-22T20:19:49","guid":{"rendered":"https:\/\/szabo.pl\/?page_id=496"},"modified":"2025-11-05T13:19:26","modified_gmt":"2025-11-05T12:19:26","slug":"dokumenty","status":"publish","type":"page","link":"https:\/\/szabo.pl\/index.php\/pl\/dokumenty\/","title":{"rendered":"Dokumenty"},"content":{"rendered":"\n<h2 class=\"wp-block-heading\">Dokumenty aktualnie obowi\u0105zuj\u0105ce<\/h2>\n\n\n\n<p><a href=\"https:\/\/szabo.pl\/index.php\/pl\/ogolne-warunki-umowy\/\" data-type=\"page\" data-id=\"2665\">Og\u00f3lne Warunki Umowy <\/a>(wa\u017cne od 01 grudnia 2025 r.)<\/p>\n\n\n\n<p><a href=\"https:\/\/szabo.pl\/index.php\/pl\/cennik-ogolny-biura-rachunkowego\/\" data-type=\"page\" data-id=\"2635\">Cennik Og\u00f3lny Biura Rachunkowego <\/a>(wa\u017cne od 01 grudnia 2025 r.)<\/p>\n\n\n\n<p><a href=\"https:\/\/szabo.pl\/index.php\/pl\/pakiety-abonamentowe\/\" data-type=\"page\" data-id=\"2206\">Pakiety abonamentowe<\/a> (wa\u017cne od 01 grudnia 2025 r.)<\/p>\n\n\n\n<p><a href=\"https:\/\/szabo.pl\/index.php\/pl\/procedura-bezpieczenstwa-ksef\/\" data-type=\"page\" data-id=\"2689\">Procedura bezpiecze\u0144stwa ksi\u0119gowania faktur pochodz\u0105cych z Krajowego Systemu e-Faktur <\/a>(wa\u017cne od 01 listopada 2025 r.)<\/p>\n\n\n\n<p><a href=\"https:\/\/szabo.pl\/index.php\/pl\/opisy-uslug\/\" data-type=\"page\" data-id=\"2263\">Opisy us\u0142ug<\/a> <\/p>\n\n\n\n<p><a href=\"https:\/\/szabo.pl\/index.php\/pl\/procedura-w-zakresie-przeciwdzialania-praniu-pieniedzy-oraz-finansowaniu-terroryzmu\/\" data-type=\"page\" data-id=\"630\">Stosowana procedura AML <\/a>(wa\u017cne od 01.08.2021 r.) <\/p>\n\n\n\n<p><a href=\"https:\/\/szabo.pl\/index.php\/pl\/polityka-prywatnosci-polityka-ochrony-danych-osobowych\/\" data-type=\"page\" data-id=\"467\">Polityka prywatno\u015bci Biura Rachunkowego<\/a> (wa\u017cne od 01.08.2021 r.) <\/p>\n\n\n\n<p><\/p>\n\n\n\n<h2 class=\"wp-block-heading\">Dokumenty archiwalne<\/h2>\n\n\n\n<div class=\"wp-block-file\"><a id=\"wp-block-file--media-130f5bb9-2873-4529-bd99-3ef08e0b236a\" href=\"https:\/\/szabo.pl\/wp-content\/uploads\/2021\/09\/Ogolne_Warunki_Umowy_szabo.pl20210731.pdf\">Og\u00f3lne Warunki Umowy dla Klient\u00f3w Biura Rachunkowego (wa\u017cne od 01.08.2021 r.  do 30.11.2025 r. ) <\/a><a href=\"https:\/\/szabo.pl\/wp-content\/uploads\/2021\/09\/Ogolne_Warunki_Umowy_szabo.pl20210731.pdf\" class=\"wp-block-file__button wp-element-button\" download aria-describedby=\"wp-block-file--media-130f5bb9-2873-4529-bd99-3ef08e0b236a\">Download<\/a><\/div>\n\n\n\n<p><a href=\"https:\/\/szabo.pl\/index.php\/pl\/cennik-ogolny-biura-rachunkowego\/\" data-type=\"page\" data-id=\"561\">Cennik Og\u00f3lny Biura Rachunkowego (wa\u017cne od 01.08.2021 r.)<\/a> <\/p>\n\n\n\n<p><\/p>\n","protected":false},"excerpt":{"rendered":"<p>Dokumenty aktualnie obowi\u0105zuj\u0105ce Og\u00f3lne Warunki Umowy (wa\u017cne od 01 grudnia 2025 r.) Cennik Og\u00f3lny Biura<\/p>\n<div class=\"continue-reading-blog\"><a href=\"https:\/\/szabo.pl\/index.php\/pl\/dokumenty\/\" class=\"more-link\">Continue Reading<i class=\"fa fa-long-arrow-right\"><\/i><span class=\"screen-reader-text\">Dokumenty<\/span><\/a><\/div>\n","protected":false},"author":1,"featured_media":0,"parent":0,"menu_order":0,"comment_status":"closed","ping_status":"closed","template":"","meta":{"footnotes":""},"class_list":["post-496","page","type-page","status-publish","hentry"],"jetpack_sharing_enabled":true,"_links":{"self":[{"href":"https:\/\/szabo.pl\/index.php\/wp-json\/wp\/v2\/pages\/496","targetHints":{"allow":["GET"]}}],"collection":[{"href":"https:\/\/szabo.pl\/index.php\/wp-json\/wp\/v2\/pages"}],"about":[{"href":"https:\/\/szabo.pl\/index.php\/wp-json\/wp\/v2\/types\/page"}],"author":[{"embeddable":true,"href":"https:\/\/szabo.pl\/index.php\/wp-json\/wp\/v2\/users\/1"}],"replies":[{"embeddable":true,"href":"https:\/\/szabo.pl\/index.php\/wp-json\/wp\/v2\/comments?post=496"}],"version-history":[{"count":9,"href":"https:\/\/szabo.pl\/index.php\/wp-json\/wp\/v2\/pages\/496\/revisions"}],"predecessor-version":[{"id":2704,"href":"https:\/\/szabo.pl\/index.php\/wp-json\/wp\/v2\/pages\/496\/revisions\/2704"}],"wp:attachment":[{"href":"https:\/\/szabo.pl\/index.php\/wp-json\/wp\/v2\/media?parent=496"}],"curies":[{"name":"wp","href":"https:\/\/api.w.org\/{rel}","templated":true}]}}